st derivative of -3*k**5/10 - k**4/12 + k**3/6 - k**2/2 - 60*k - 58. Let j(s) be the first derivative of u(s). Give j(1).
-7
Let d(q) = -3*q**2 - 27*q - 53. Let g = -345 + 343. Let l be d(g). Let s(u) = u**3 + 9*u**2 - 21*u + 4. What is s(l)?
-7
Let k = 168127/24 - 7005. Let l(z) be the third derivative of 0 + 4/3*z**3 - 2/15*z**5 - 1/120*z**6 - k*z**4 + 0*z - 22*z**2. Give l(-7).
8
Let b(u) = -u + 15. Let x be b(-5). Suppose 3*i - 62 + x = 0. Suppose -i*f = -8 - 48. Let m(r) = -r**3 + 3*r**2 + 4*r - 1. Calculate m(f).
-1
Suppose -3*v - 356 = v. Let r = 83 + v. Let z(w) be the first derivative of -w**3/3 - 4*w**2 - 7*w - 43. What is z(r)?
5
Let d(s) be the second derivative of -s**8/6720 - s**7/2520 - 11*s**4/12 - 2*s + 8. Let v(n) be the third derivative of d(n). Give v(0).
0
Suppose 10*r - 5 = 25. Let p(i) be the first derivative of -5 - 4*i - 15 - r*i**2 + i**2 + 3*i**2. Determine p(-4).
-12
Let a(q) be the second derivative of 19*q**4/12 + 2*q**3 - 5*q + 6. Let b(d) = 7*d**2 + 4*d + 1. Let k(w) = 3*a(w) - 8*b(w). Determine k(-6).
4
Let b = 3677 - 3619. Let d(g) = -g**3 + 60*g**2 - 115*g - 65. Determine d(b).
-7
Let k(x) = x + 134 - x - x**2 + 106*x**3 - 133. Give k(1).
106
Let d(h) = -h**2 + 3. Suppose 4650*b - 4639*b - 22 = 0. Give d(b).
-1
Let h be (19/(-57))/(-2*1/(-24)). Let p(v) = 3*v**3 + 11*v**2 - 4*v. Give p(h).
0
Let x(s) = s**2 - 6*s - 27. Let z be x(9). Suppose -3*h + 8*h - 335 = 5*c, z = h - 5*c - 79. Let r = h - 69. Let t(l) = -l - 12. Determine t(r).
-7
Let f = 961 - 1299. Let o = f - -337. Let v(h) = -8*h**3 - h**2 - h - 1. Calculate v(o).
7
Let j(k) = -3*k - 8. Let t(f) = 7*f + 16. Let m be (1 + 2)*14/21. Let b(l) = m*t(l) + 5*j(l). Let p be (-35)/14*4/2. Calculate b(p).
-3
Let x(j) be the third derivative of j**5/30 + j**4/24 - 2*j**3/3 - j**2. Let t = -352559 - -352561. Determine x(t).
6
Let h(b) = -2 - b**2 + 169*b - 3 - 159*b. Let j = -135 + 144. Calculate h(j).
4
Let p(s) = -2*s**2 - 19*s - 17. Suppose 40*i - 229*i = 5*i + 1358. Give p(i).
18
Let b(r) = 2*r - 2*r**2 - 3*r**2 + r. Let m = 6917 - 6915. What is b(m)?
-14
Let s(p) = -p**3 + 2*p**3 + 127 - 2*p - 43 - 39 - 41 - 6*p**2. Determine s(6).
-8
Let r(d) = d**2 + d - 25. Suppose 2*o = 4*f + 6, 4*o - 9*o = -5*f - 10. Let m be -2 - o - -7 - 4. Determine r(m).
-25
Let u be 1050/(-154) + 13 + 4/(-22). Let f(p) = p**2 - 4*p - 20. Give f(u).
-8
Let i = -3984 - -4003. Let z(c) = c**2 - 22*c + 36. Determine z(i).
-21
Let v(y) = 3576*y - 18. Let w(s) = 2043*s - 10. Let h(k) = -4*v(k) + 7*w(k). Suppose 3*c - 21 = -6. Determine h(c).
-13
Suppose -500 = -332*s + 327*s. Let n(l) = -99*l + 303*l - s*l - 103*l - 2 + 1. What is n(5)?
4
Let d(g) = -g**3 - 7*g**2 - 4*g - 6. Suppose -20*c = 2*c + 748. Suppose -5*h = 2*l - 81, -3*l + 38 = -2*h - 36. Let u = c + l. Calculate d(u).
-18
Let m(n) = n**3 + 9*n**2 + 11. Suppose -31*g + 32*g = -61. Let a = -70 - g. Determine m(a).
11
Let p(f) = -f + 9052 - 9036 - 3*f. Determine p(15).
-44
Let v(o) be the third derivative of -o**6/40 + o**4/24 + o**3/6 + 36*o**2. Let u(s) = -s - 23. Let i be u(-21). What is v(i)?
23
Let l(d) = -4*d - 17. Let b(q) = -q**3 + 56*q**2 - q + 63. Let i be b(56). Calculate l(i).
-45
Let v(q) = 61*q**2 - 66*q + 35. Let c(h) = 9*h**2 - 10*h + 5. Let x(n) = 27*c(n) - 4*v(n). Let f = -9 - -3. What is x(f)?
-5
Let r(c) = 11*c + 10. Let y(d) = 122*d + 2682. Let m be y(-22). Determine r(m).
-12
Let i(j) be the second derivative of -j**4/12 + 17*j**3/6 - 22*j**2 + 2*j - 122. Give i(14).
-2
Let k(i) = -i**3 - 3*i**2 + i - 4. Suppose -9*s + 42 = -6*s. Suppose s*o + 103 = 61. Give k(o).
-7
Let p(v) = v**2 + 6*v + 7. Let y(h) = h**3 - 14*h - 9. Let i be y(5). Let c = 38 - i. Let s(t) = t**2 + 8*t - 6. Let x be s(c). Determine p(x).
7
Let k(s) = -s**2 - 6*s + 2. Suppose 0*b = -4*b + 16. Suppose w + 0*p = 3*p + 9, 5*p + b = -2*w. Let o be 1 + (-2 - w) + -3. Give k(o).
-5
Let h(u) be the third derivative of u**5/30 - u**4/24 - 13*u**3 + 131*u**2. Let j(q) be the first derivative of h(q). Determine j(4).
15
Let l = 834 + -818. Let d(b) = -b**3 + 18*b**2 - 30*b - 23. Let c be d(l). Let w(a) = -6 + 0 + a - 2. What is w(c)?
1
Let d(q) = q**3 - 2*q**2 + 2*q - 3. Let w(k) be the first derivative of -k**3/3 + 7*k**2/2 - 4*k - 34. Let h be w(6). Give d(h).
1
Let i(o) = -2*o. Suppose -3*c + 0*c = 5*s + 285, -3*c + s - 285 = 0. Let z be 19/c*(4 + 1). Calculate i(z).
2
Let g(q) = -q**3 - 7*q**2 + 3*q + 4. Let a be 5 + 10/5 + -2. Suppose 0 = -42*x + 43*x - 4*o - a, 4*o - 23 = 5*x. Give g(x).
-17
Let b(c) = 3*c - 6*c - c**2 + 2*c - 171 + 168. Let g(q) = -3*q**3 - q**2 - 2*q + 2. Let h be g(1). Let n be -3 + 42/h*(-10)/15. What is b(n)?
-23
Let x(z) = -4*z + 158 - 78 - 81. Let c = 3 - 0. Suppose -3*m - 3 = c. What is x(m)?
7
Let q = 24 - 18. Let b(p) = -12*p**2 - 8 + 6 - 5 + 9 - 9*p + 14*p**2. Give b(q).
20
Let k(q) = -96*q + 1627. Let d be k(17). Let i(m) = 9*m + 25. What is i(d)?
-20
Let f(r) = r**3 - 6*r**2 + 5*r - 2. Let h(m) = 0*m - 31 + 2*m - 6*m + 3*m - 2*m. Let j = -1 + -11. Let o be h(j). Give f(o).
-2
Let d = 147 - 104. Suppose d = -11*x - 45. Let a(o) = -2*o - 8. What is a(x)?
8
Let o = 1771 + -1777. Let r(i) = -8*i - 45. Determine r(o).
3
Let b(y) = -2*y**3 + 6*y**2 + 1. Let z(k) = -5*k**3 + 17*k**2 - k + 3. Let d(v) = -8*b(v) + 3*z(v). Let u(t) = -t - 10. Let m be u(-12). Calculate d(m).
15
Let h(n) = 3*n**2 + 4*n + 2. Let s be h(-6). Let u = 81 - s. Let z(g) = -g - 3. Calculate z(u).
2
Let w be 1 - (10/14 - 2/(-7)). Suppose -12*u + 14*u - 4 = w. Let k(r) = r + u + 0*r + 9. Determine k(-6).
5
Let n(k) = -k**3 - 9*k**2 - 8*k. Let i(h) be the first derivative of h**4/4 + h**3 - 9*h**2/2 - 28*h - 87. Let m be i(-4). Give n(m).
0
Let r = 313 - 270. Suppose -x + 12 = 4*m - 49, 2*m + 3*x = r. Let t(i) = i**2 - 13*i - 11. Calculate t(m).
3
Suppose -5*p - 15 = 3*y - 0, -2*p - 6 = -5*y. Let g(n) = -n**2 - 13*n - 2. Let k be g(y). Let t(w) = 4*w + 5. Calculate t(k).
-3
Let q(g) = g - 5. Let f(b) = 2*b**2 + 6*b + 8. Let p be f(-2). Suppose p*l = -3*c + 26, -3*c = -2*c - 4*l + 2. What is q(c)?
1
Let y(l) = -l + 7. Suppose -10 + 2 = 4*f, 0 = 2*g - 5*f - 94. Suppose 41 = 4*v - 5*m, -4*v - 4*m + 65 = -m. Suppose -7*r + g = -v*r. Give y(r).
13
Let o(p) be the third derivative of p**3/3 - 13*p**2. Let n(u) = -u**3 + 7*u**2 - 6*u + 9. Let k(s) = n(s) - 3*o(s). What is k(6)?
3
Let j(n) = -8*n**2 - n. Suppose -2*s = 2*u - 108, -2*u + 252 = 4*s - 7*u. Let q = 60 - s. Suppose q = -2*v - 0. Give j(v).
-7
Let c(p) = 7 + 41387*p - 3 - 41390*p + 0. Give c(0).
4
Let u(q) = 51*q**2 - 98*q - 10. Let n(f) = f**2 - f - 2. Let b(v) = -5*n(v) + u(v). What is b(2)?
-2
Let h(u) = -14*u + 1. Suppose 2*t - 7*t + 220 = -4*b, 4*b - t = -236. Let d = b + 58. Let g(q) = -1. Let f(x) = d*g(x) - h(x). Calculate f(-1).
-13
Let p(r) = -23*r + 305. Let m(i) = -61*i + 604. Let l(t) = -2*m(t) + 5*p(t). Determine l(-45).
2
Let x(y) = y**2 + 11*y + 10. Suppose -3*u + 12 = -24. Suppose -5*b + u = -2*b. Let j = b - 11. Determine x(j).
-18
Let p(f) = -2*f**3 - 3*f**2 - 2*f - 5. Suppose 10 = -j - 3*t - 5, 3*t = -2*j - 18. Determine p(j).
28
Let y = 300 - 298. Let p(j) = 0 + 4*j - 108*j**3 - y + 58*j**3 + 52*j**3 - 4*j**2. Determine p(2).
6
Let l(g) = -25 + 0*g**2 + 1789*g - 3397*g + 1719*g - 5*g**2. What is l(22)?
-3
Let y(q) = -34*q - 139. Let u be y(-4). Let k(f) be the second derivative of f**6/240 - f**4/12 - 3*f. Let z(d) be the third derivative of k(d). Calculate z(u).
-9
Let w be 9 - 14/28*30. Let q(b) be the first derivative of b**3/3 + b**2/2 - 19*b - 12. What is q(w)?
11
Let j(z) = -85 - 97*z + 37*z + 52*z. What is j(-10)?
-5
Suppose -3*m + 513 = 87. Let h = 153 - m. Let x(o) = -o**2 + 12*o - 8. Give x(h).
3
Suppose 3*s + 0*s = 15. Let n be (30/(-9) + 4)*15. Let x(j) = 25*j - 11*j - 3 - 4*j**2 + j**3 - n*j - 8*j. Give x(s).
2
Suppose -2*k - 4*j = 50, -5*k + 5*j + 30 = 95. Let i(z) = -12*z - 216. Determine i(k).
-12
Suppose 5*h - 53*h = 11*h - 236. Let w(b) be the third derivative of 0*b**h - 19*b**2 + 1/10*b**5 + 0*b - 1/120*b**6 + 0 - 2/3*b**3. Calculate w(6).
-4
Let r(z) = -3*z**2 + 20*z - 24. Let i(c) = -c**3 + 16*c**2 - 60*c - 27. Let m be i(8). Calculate r(m).
1
Let t(x) = x**2 + 7*x + 1. Let l = 60 - 89. Let z = l - -33. Let j be -2*6/8*z. Determine t(j).
-5
Let v(